{"id":742,"date":"2014-05-11T19:04:46","date_gmt":"2014-05-11T19:04:46","guid":{"rendered":"http:\/\/herne1.de\/?page_id=742"},"modified":"2019-12-07T18:30:22","modified_gmt":"2019-12-07T18:30:22","slug":"fuer-garteninteressierte","status":"publish","type":"page","link":"http:\/\/herne1.de\/?page_id=742","title":{"rendered":"F\u00fcr Garteninteressierte"},"content":{"rendered":"<p>Herzlich willkommen und Danke f\u00fcr das\u00a0Interesse an unserer Kleingartenanlage !<\/p>\n<p>Wer bei uns einen Garten sucht, muss manchmal mit Wartenzeiten rechnen. Wir sind eine kleine Anlage (42 Parzellen) mit wenig Fluktuation, zudem sind wir quasi die einzige Kleingartenanlage in Innenstadtn\u00e4he (von Herne 1&#8230;.).<\/p>\n<p>Wenn einmal ein Garten bei uns neu verpachtet werden soll, ist er in der Regel auch schnell weg.<\/p>\n<p>Deshalb erst einmal ein Rat &#8211; meldet Euch immer mal wieder bei uns und bekundet Interesse.<\/p>\n<p>Wenn denn ein Garten frei ist, wird dieser zun\u00e4chst von einem Pr\u00fcfer der Stadtverbandes der Gartenfreunde anhand eines Richtlinienkataloges gesch\u00e4tzt, der so ermittelte Betrag ist dann die Wertgrundlage f\u00fcr die &#8222;Verhandlungen&#8220; mit dem Noch- bzw. Vorp\u00e4chter.<\/p>\n<p>Besteht dabei dann Einigkeit zwischen Interessenten und Altp\u00e4chter muss man nat\u00fcrlich noch Mitglied in unserem Verein werden, hierzu m\u00fcssen wir laut Satzung einen Vorstandsbeschluss treffen und lernen nat\u00fcrlich Garteninteressenten vorher immer pers\u00f6nlich kennen.<\/p>\n<p>Bei allen Verpachtungen gilt, dass diese nur in Verbindung mit einer Vereinsmitgliedschaft m\u00f6glich sind, \u00a0d.h. also, das immer der Vorstand \u00fcber Neuverpachtungen entscheidet, <strong><span style=\"text-decoration: underline;\">nicht<\/span><\/strong> der scheidende P\u00e4chter !<\/p>\n<p>Vergeben wir eine Gartenparzelle dann neu, kommen auf die P\u00e4chter Kosten zu. Dies sind zum einen eine einmalige Umlage in H\u00f6he von 250\u20ac f\u00fcr die Gemeinschaftsanlagen des Vereins (z.B. Leitungen f\u00fcr Strom, Abwasser etc), zum anderen gibt es j\u00e4hrliche Kosten f\u00fcr Pacht, Mitgliedschaft und Verbrauch.<\/p>\n<p>Einzelheiten hierzu k\u00f6nnen immer beim jeweiligen Vorsitzenden erfragt werden.<\/p>\n<p>Wer dann eine neue Parzelle pachtet, darf uns gerne immer um Rat fragen, insbesondere was die T\u00fccken der Gartenordnung angeht (z.B. Baugenehmigungen, Ruhezeiten etc), wir helfen immer gerne.<\/p>\n<p>Wir erwarten von unseren P\u00e4chtern, dass sie sich nicht nur kleing\u00e4rtnerisch bet\u00e4tigen sondern auch ihren Anteil am Vereinsleben haben. Unser Verein funktioniert nur, wenn alle ein wenig (oder mehr) mithelfen &#8211; bei Feiern, kleinen Arbeitsprojekten und auch bei der Vorstandsarbeit.<\/p>\n<p>Wir vom Vorstand laufen nicht mit Linieal und Wasserwaage durch die Anlage, m\u00f6chten aber nat\u00fcrlich dass unserer Anlage weiterhin gepflegt bleibt, dies ist uns ein wichtiges Anliegen an alle P\u00e4chter.<\/p>\n<p>Auch wichtig ist uns ein gutes Miteinander mit unseren Nachbarn in der n\u00e4heren Umgebung und wir versuchen &#8211; auch deswegen &#8211; unsere &#8222;Tore&#8220; immer offenzuhalten und insbesondere f\u00fcr die Kinder der Umgebung (und die unserer P\u00e4chter) ein besonderes Augenmerk zu haben. Bei uns wird also nicht gemeckert wenn Kinder mal etwas lauter spielen und auf unserer Festwiese versuchen wir immer Spielmaterialien zur Verf\u00fcgung zu stellen.<\/p>\n<p>Wer sich f\u00fcr unsere G\u00e4rten interessiert, sollte uns einfach in der Anlage ansprechen und auch auf dieser Internetseite in unserer Rubrik &#8222;freie G\u00e4rten&#8220; nach aktuellen oder anstehenden Vakanzen schauen.<\/p>\n<p>Thomas Volbach (1. Vorsitzender)<\/p>\n<p>F\u00fcr Interessierte:<\/p>\n<p><a href=\"http:\/\/herne1.de\/wp-content\/uploads\/2019\/12\/Aufnahmeantrag_Gr\u00fcneOase.pdf\">Aufnahmeantrag_Gr\u00fcneOase<\/a><\/p>\n<p>&nbsp;<\/p>\n<p>&nbsp;<\/p>\n","protected":false},"excerpt":{"rendered":"<p>Herzlich willkommen und Danke f\u00fcr das\u00a0Interesse an unserer Kleingartenanlage ! Wer bei uns einen Garten sucht, muss manchmal mit Wartenzeiten rechnen. Wir sind eine kleine Anlage (42 Parzellen) mit wenig Fluktuation, zudem sind wir quasi die einzige Kleingartenanlage in Innenstadtn\u00e4he &hellip; <a href=\"http:\/\/herne1.de\/?page_id=742\">Weiterlesen <span class=\"meta-nav\">&rarr;<\/span><\/a><\/p>\n","protected":false},"author":1,"featured_media":0,"parent":30,"menu_order":0,"comment_status":"closed","ping_status":"closed","template":"","meta":{"footnotes":""},"class_list":["post-742","page","type-page","status-publish","hentry"],"jetpack_sharing_enabled":true,"jetpack_shortlink":"https:\/\/wp.me\/P8oLBr-bY","_links":{"self":[{"href":"http:\/\/herne1.de\/index.php?rest_route=\/wp\/v2\/pages\/742","targetHints":{"allow":["GET"]}}],"collection":[{"href":"http:\/\/herne1.de\/index.php?rest_route=\/wp\/v2\/pages"}],"about":[{"href":"http:\/\/herne1.de\/index.php?rest_route=\/wp\/v2\/types\/page"}],"author":[{"embeddable":true,"href":"http:\/\/herne1.de\/index.php?rest_route=\/wp\/v2\/users\/1"}],"replies":[{"embeddable":true,"href":"http:\/\/herne1.de\/index.php?rest_route=%2Fwp%2Fv2%2Fcomments&post=742"}],"version-history":[{"count":7,"href":"http:\/\/herne1.de\/index.php?rest_route=\/wp\/v2\/pages\/742\/revisions"}],"predecessor-version":[{"id":2158,"href":"http:\/\/herne1.de\/index.php?rest_route=\/wp\/v2\/pages\/742\/revisions\/2158"}],"up":[{"embeddable":true,"href":"http:\/\/herne1.de\/index.php?rest_route=\/wp\/v2\/pages\/30"}],"wp:attachment":[{"href":"http:\/\/herne1.de\/index.php?rest_route=%2Fwp%2Fv2%2Fmedia&parent=742"}],"curies":[{"name":"wp","href":"https:\/\/api.w.org\/{rel}","templated":true}]}}